- (-54)/5) is divided by i.
8
What is the remainder when 1655 + 42 + ((-7)/7 - (-9 - -2)) is divided by 31?
29
Let q(g) = 88*g + 18. Calculate the remainder when 2047 is divided by q(0).
13
Let r(h) = h**3 - 31*h**2 + 28*h + 65. Let m be r(30). Suppose -5*b - m*i = -520, -3*b + 5*i + 0*i + 272 = 0. Calculate the remainder when b is divided by 50.
49
Let a = 156 - 167. Let c(j) be the second derivative of j**5/20 + j**4 + 5*j**3/3 + 5*j**2/2 - j. What is the remainder when c(a) is divided by 11?
5
What is the remainder when 44/154 - 76/(-56)*2 - -7553 is divided by 135?
131
Let j(u) = -u**2 - 98*u - 1412. What is the remainder when 9937 is divided by j(-18)?
25
Suppose -11*h + 491 + 796 = 0. Let d(s) = -30*s**3 - 2*s - 2. Let t(x) = -4*x + 23. Let u be t(6). What is the remainder when h is divided by d(u)?
27
Suppose 2*g + 6 = 3*g. Let k(t) = 23 + 11*t + 4*t - 11*t. What is the remainder when k(-3) is divided by g?
5
What is the remainder when 25/5 + ((-268)/(-603) - 25448/(-9)) is divided by 135?
133
Let d(s) = 26106*s + 208987. Suppose -35 - 10 = -5*t. What is the remainder when d(-8) is divided by t?
4
Suppose 2*c + 4 = -4*z + 282, -2*c + 286 = 2*z. Let r = -135 + c. Calculate the remainder when 200 is divided by r.
8
Let l be (-1 + 2)/((-7)/(-56)*4). Suppose -11*d - 3*w + 45 = -8*d, l*d - 30 = -w. Suppose 0*b - 118 = -2*b. Calculate the remainder when b is divided by d.
14
Let a(t) = -83*t - 632. Suppose 5*x + 10 = 0, 4*k - 26 = 4*x + 14. Let o(g) = 2*g**2 - 9*g - 9. What is the remainder when a(-11) is divided by o(k)?
46
Suppose 3*o - 7*q - 40 = 0, 0 = o + 3*q - 20 - 20. What is the remainder when 47 is divided by o?
22
Suppose 3*r + 8 = -3*v - 46, -v + 3*r = 10. Calculate the remainder when 25 is divided by (-20)/v*16/10.
1
Suppose 0 = -b + 3, -5*z - 29 = 3*b - 583. Let k = -88 + z. Calculate the remainder when k is divided by 14.
7
Suppose -3 = 6*w - 21. Calculate the remainder when 100 is divided by (64/(-12) - -4) + 82/w.
22
Let t(q) = -q**3 - 5*q**2 - 3*q - 6. Suppose 0 = -17*u + 21*u - 64. Calculate the remainder when u is divided by t(-5).
7
Let s be 53 - (-3)/(-2)*(27 + -25). Suppose 44*d + 30 = s*d. Suppose 5*x - 3*c = 18, -5*x = c + c - 13. Calculate the remainder when d is divided by x.
2
Suppose 3251 = 63*l - 2450 - 4442. What is the remainder when 303 is divided by l?
142
Suppose -1785 - 2889 = -41*b. Calculate the remainder when b is divided by (-1)/((-75)/(-38) + -2).
0
Suppose 0 = -2*s + 10*s - 167 - 185. What is the remainder when 5323 is divided by s?
43
Calculate the remainder when 4/(-28) + 28780/70 - 9 is divided by 4.
2
Suppose -141 + 125 = -8*j. Suppose -2 = -2*l + l. Suppose 0 = -r + j*a + 1 + 20, l*a - 1 = -r. What is the remainder when 42 is divided by r?
9
Suppose -160 - 263 + 137 = -11*i. What is the remainder when 662 is divided by i?
12
Suppose 0 = 4*c - p - 200, 2917*c + 5*p - 8 = 2916*c. Let l = 44 - 22. Calculate the remainder when c is divided by l.
4
Suppose -4*z + 100 - 860 = -2*a, -a - 5*z + 401 = 0. What is the remainder when a is divided by 182?
22
Suppose -86*l + 1200 = -74*l. What is the remainder when (-2)/(-12) - (20531/(-42) - 4) is divided by l?
93
Suppose 3*f - 5*d = 861, 7*d = 10*d + 9. What is the remainder when f is divided by 98?
86
Suppose -3*v = 3*o - 26370, -23*o - 26426 = -3*v - 18*o. What is the remainder when v is divided by 55?
52
Let s = -343 + 347. Suppose 4*r + 73 = 5*r + s*u, 3*r - 5*u = 151. Calculate the remainder when 106 is divided by r.
49
Let k = -3481 - -3510. Suppose -5*n - 3*l + 64 = 0, 3*n - 30 = n + l. What is the remainder when k is divided by n?
1
Suppose -i + 40*j + 856 = 52*j, 2*i - 4*j = 1768. What is the remainder when i is divided by 435?
10
Suppose 6 = h + 1. Let n(l) = -52 - 6*l**2 + 50 + 5*l**2 + 7*l. What is the remainder when n(h) is divided by 3?
2
Suppose 4*x - 19 = -11. Suppose -x*c = 22 - 164. Suppose 0 = -3*f + 2*f + 18. Calculate the remainder when c is divided by f.
17
Let d = -13 - -54. Let c be (-30)/(-70)*(2 + -3 - -8). Suppose 108 = u - 5*n + 14, 325 = 4*u - c*n. Calculate the remainder when u is divided by d.
38
Suppose -5 = k, 5*k - 19 + 74 = y. Suppose 22*j = 17*j - y. Calculate the remainder when 18 is divided by (28/10)/(j/(-30)).
4
Suppose -4*k + 2*a + 128 - 52 = 0, 3*a = 5*k - 96. Calculate the remainder when 350 is divided by k.
8
Let u(j) = 318*j + 259. What is the remainder when 345 is divided by u(0)?
86
Suppose -13840 = -81*f + 8661 + 665. Calculate the remainder when f is divided by 9.
7
Let v(q) = -2*q - 6. Let u be v(-5). Suppose u*c = 187 + 49. What is the remainder when c is divided by (-5)/(10/(-62)) - (25 - 51 - -27)?
29
What is the remainder when (-1)/(11 - (-964320)/(-87664)) is divided by 7?
5
Suppose -16384 = 5*q - 35519. Calculate the remainder when q is divided by 44.
43
Let a(c) = -c**2 + 8*c + 12. Let x be a(5). Let r = 30 - x. What is the remainder when 11 is divided by (r/2)/(3/14)?
4
What is the remainder when ((-204)/17)/3 + 4*108 is divided by 20?
8
Suppose s + 5*z = 169 - 54, s - 4*z = 142. Calculate the remainder when 249 is divided by s.
119
Suppose -14*k - c - 9 = -12*k, k = c - 9. Suppose 15 - 53 = -2*b. What is the remainder when (146/k)/((-1)/3) is divided by b?
16
Let j(i) = 19*i**2 - 19*i + 16. Let c(m) = -17*m**2 + 18*m - 15. Let w(v) = -5*c(v) - 4*j(v). What is the remainder when w(1) is divided by 5?
1
Let m(q) = q**2 - 15*q - 47. Let k be m(18). What is the remainder when 109 is divided by -1 + 8/(-5 + k + -1)?
4
Let l = 3578 + -739. Calculate the remainder when l is divided by 98.
95
Let w = -1981 - -2063. What is the remainder when 198 is divided by w?
34
Suppose 2*o = 5*b + 165, 3*o - 2*o = 2*b + 83. Let d = 22763 - 22750. What is the remainder when o is divided by d?
7
Let l be 4 + 4/(-1) + 5. Suppose 3*u - 18 = 2*m - l*m, 0 = 4*m + 2*u - 26. Let h(x) = 11*x + 8. What is the remainder when h(m) is divided by 22?
19
Suppose 777 = 3*w + 3*c, 20*w + 4*c = 19*w + 277. What is the remainder when w is divided by 17?
15
Let i(k) = -163*k - 1937. Let m = 10 - 8. Suppose -34 = -5*c - j + 9, m*j = -5*c + 46. What is the remainder when i(-12) is divided by c?
3
Suppose -158 = -2*z + 4*y, -5*z + 79 = -4*z + 5*y. What is the remainder when z is divided by 20?
19
Suppose -160*m + 158*m = 64. Calculate the remainder when 41 is divided by (m - -65)*(-1)/(-3).
8
Let m(d) = -d**3 - 96*d**2 - 49*d + 30. What is the remainder when m(-96) is divided by 46?
42
Let i(f) = 2*f**2 - 17*f - 47. Let d be i(11). What is the remainder when 550 is divided by (-6 - (-3430)/40) + (-6)/d?
76
Suppose 312 = 40*n - 328. What is the remainder when 1967 is divided by n?
15
Let w(f) = -9*f + 49. Let g be w(-16). Suppose 3*m + 6 = -42. Let c = g + m. Calculate the remainder when c is divided by 36.
33
Let g = 88 + -62. Let y(x) = 25*x + 90. What is the remainder when g is divided by y(-3)?
11
Suppose -22*j = 21*j - 46966 + 827. Calculate the remainder when j is divided by 523.
27
Suppose 46 = 2*m - 4*v - 256, -4*v = 0. Calculate the remainder when m is divided by 122.
29
Suppose -17 - 7 = -12*w. Suppose -v = w*v - 102. Calculate the remainder when 101 is divided by v.
33
What is the remainder when (4 + (-13)/(390/9020))*-3 is divided by 146?
14
Calculate the remainder when (560/8 - 13) + 1 is divided by 12.
10
Let d = -271 + 272. What is the remainder when 297 is divided by -3*d*(-15)/90*46?
21
Suppose 20 = -8*d + 52. What is the remainder when -45*-1*4/5 is divided by d*1*(-45)/(-18)?
6
Let x(m) = m**3 + 13*m**2 + 7*m - 11. Let t be x(-12). Suppose -4*n - t = -5*n. Let s = 114 - n. What is the remainder when s is divided by 22?
21
Let x = -26 - -320. Suppose 2*q - 156 = -2*d, d - 284 = -3*d + 3*q. Calculate the remainder when x is divided by d.
72
Suppose 2*t - 90 = -t. Let b(f) = f**2 + f + 8. Let d be b(0). Calculate the remainder when ((-24)/(-9) + 0)*t/d is divided by 3.
1
Suppose -3*s - 3*t = -192, 82*t - 80*t = -3*s + 190. Calculate the remainder when s is divided by 20.
2
Let a(j) = -2*j**3 - 16*j**2 - 19*j - 88. Calculate the remainder when ((-6)/(-9))/((-6)/(-8046)*2) is divided by a(-8).
63
Suppose 0 = 2*o - 7*f - 1322, -17*f + 661 = o - 15*f. What is the remainder when o is divided by 19?
15
Let d(g) be the first deriva